ghest common factor of 28 and i?
14
Let v = 1423 + 496. Calculate the highest common factor of 101 and v.
101
Let d(b) = -190*b - 2. Let y be d(2). Let o be y/(-18) - 4/18. Suppose a = 2*a - o. What is the greatest common divisor of 14 and a?
7
Suppose 13*a - 30*a = -10*a - 56. Suppose 5*s - 8 = s. Calculate the greatest common factor of a and s.
2
Let a = -4 + 7. Let k(t) = -3*t - 21. Let w be k(-8). Let z be (3 + 0 - 6/w)*1. Calculate the highest common divisor of z and a.
1
Let b be 5*76 + (36 - 32). What is the greatest common divisor of b and 1280?
128
Suppose 78*r - 84*r = -6498. What is the highest common factor of 57 and r?
57
Suppose 5*i - 8*i = 15, 2*y = 2*i + 36. What is the greatest common factor of y and 13?
13
Let l = 112 - 21. Let q be 3*(-4)/(36/(-15)). Suppose -x = -4*i + 49, -5*i + 10 = -q*x - 40. Calculate the highest common divisor of i and l.
13
Let r = 57 + 34. Suppose 2*c + 61 = -41. Let k = -38 - c. What is the greatest common divisor of k and r?
13
Let l be (4/(-6))/((-48)/648). What is the greatest common divisor of l and 207?
9
Let o(x) = -4*x**2 + 37*x - 26. Let u be o(5). Calculate the greatest common divisor of 1888 and u.
59
Let w be 25/(9 - 8) + -11. Calculate the highest common divisor of w and 658.
14
Let v be (-2 - (21 + 0))/(1/(-3)). Suppose 0 = -2*g + v - 21. Let f(k) = -2*k - 6. Let w be f(-6). Calculate the highest common divisor of w and g.
6
Let o be 2*1 - (-1 - 10). Suppose -m - 2*m + 20 = -5*k, 2*m + 3 = k. Let l = 110 - k. Calculate the greatest common divisor of o and l.
13
Let m = 816 + -746. What is the greatest common factor of 40 and m?
10
Suppose 96 = q - 4*f, -4*f = 5*q - 6*f - 498. What is the greatest common factor of 60 and q?
20
Let t = 59 + -31. Let v = 28 - t. Suppose v = -2*f + 8*f - 918. What is the highest common divisor of f and 17?
17
Let i be 6/10 - (3 + (-791)/(-35)). Let v be 86/5 - ((-80)/i - 4). What is the highest common divisor of v and 198?
18
Let v be (-1)/(1/(-4 - -3)). Let x be (55 - v)*((-26)/(-4) - 3). What is the greatest common factor of x and 21?
21
Let q(a) = a**3 + 4*a**2 + 4*a + 3. Let h be q(-2). Suppose h*n - 176 = -n. Calculate the highest common factor of 22 and n.
22
Let u = -153 - -167. What is the greatest common divisor of u and 252?
14
Let s be 660/(-24)*8/(-10). Let o = 23 + s. Calculate the highest common factor of 60 and o.
15
Let i(m) = m**2 + 2*m + 8. Let f be i(-6). Suppose -g + 36 = h, h - 4 = 2*g + f. Suppose h = 3*q - 9. Calculate the greatest common factor of 15 and q.
15
Let c(z) = -5*z**3 - 2*z**2. Let y be c(-2). Let o = y + -18. Calculate the greatest common divisor of o and 140.
14
Suppose -21*g = -18*g + 4*d - 51, 0 = -4*g - 2*d + 68. Let w be 0 + 0 + 14 + 3. Calculate the greatest common factor of w and g.
17
Let y(s) = s - 4. Let m = -26 + 37. Let w be y(m). Calculate the highest common divisor of 21 and w.
7
Let z be 72 + 3*14/(-21). Let v be (-1 - -30) + 1*-1. Calculate the greatest common divisor of v and z.
14
Let r = 2095 + -775. Calculate the greatest common divisor of r and 8.
8
Suppose 0*z = -3*z + 9. Suppose z*x = -2*x + 50. Let l be (-1)/4 + x/8. What is the highest common divisor of l and 5?
1
Let n = 94 + 86. What is the greatest common divisor of 12 and n?
12
Let z(v) = 2*v**2 + 2*v - 12. Let b be z(-6). Calculate the greatest common divisor of b and 516.
12
Suppose 2*t - 1 - 5 = 0. Let v be ((-26)/t)/((-2)/(-12)). Let a be (v/12 + -1)*-6. What is the greatest common factor of a and 8?
8
Let v = -63 + 73. Let s = 9 - -1. Let m be (-1)/(s/4 + -3). Calculate the highest common divisor of m and v.
2
Suppose -4*w + 140 = -2*p + 3*p, -4*w = -5*p - 116. Let x be (17*1/2)/((-12)/24). Let d = x + w. Calculate the highest common divisor of 85 and d.
17
Let s be (16/6 - 2) + (-32)/(-6). Suppose -s*g + 3*g = -30. What is the greatest common divisor of g and 5?
5
Suppose 27*m = 1512 + 15309. Calculate the greatest common divisor of m and 7.
7
Suppose -17*l = -20*l - 6. Let b be 6 - 3 - (-191 + 8/l). What is the greatest common factor of 18 and b?
18
Let o = -89 + 161. Suppose o*p = 74*p - 10. Calculate the greatest common divisor of 45 and p.
5
Suppose -5*t - 3*o = -95, -t + 11*o - 13*o = -19. Calculate the greatest common divisor of t and 304.
19
Suppose 0 = -0*w - 2*w + 828. What is the highest common divisor of 46 and w?
46
Let j be -2 + (-2 - -3) + 6. Suppose -4*b + 43 = 3*a, 4*a - j*a = -5*b + 11. Let t = 87 + -69. Calculate the greatest common factor of t and a.
9
Suppose -o = -56 + 64. Let r = 2 - o. Calculate the highest common factor of r and 110.
10
Suppose -4*q - 23 = -35. Suppose q*i = -5*t - 17 + 163, 0 = 5*t + 2*i - 144. Calculate the highest common factor of t and 308.
28
Suppose -929 - 703 = -16*p. Calculate the highest common divisor of p and 153.
51
Suppose -5*c + 195*x - 191*x = -17, -c - 2*x = 5. What is the highest common factor of c and 1?
1
Let x(l) = -70*l - 52. Let z be x(-4). Calculate the highest common divisor of 12 and z.
12
Suppose -c + 3*d + 84 = 0, 260 = 2*c + c - d. Let h(q) = q**2 + 6*q + 3. Let u be h(-11). Calculate the greatest common divisor of c and u.
29
Suppose -6*n = -10*n + 20. Calculate the greatest common factor of n and 245.
5
Suppose -2 = 13*z - 11*z. Let n be (-4)/(-4) - (-2 - z). Suppose 0 = 2*v - j - 64, n*v + 2*j + 98 = 5*v. Calculate the greatest common divisor of 60 and v.
30
Let b be (5 + 0)*18/(-45). Let q(i) = -11*i - 5. Let n be q(b). Let w = 23 - n. What is the highest common factor of w and 6?
6
Let r be -1*(63 + 0)*(-2)/6. Calculate the highest common divisor of r and 84.
21
Suppose 3*f - s = 145 + 69, -4*f - 4*s = -264. Suppose 6*l = l + f. Let d be (3 - (-3)/6)*2. What is the greatest common divisor of l and d?
7
Let o(w) = -9*w + 434. Let l be o(48). Let x be ((-66)/(-4))/((-3)/(-4)). What is the greatest common divisor of l and x?
2
Let i(o) = 2*o**2 + o - 3. Let q be i(-2). What is the greatest common factor of q and 8?
1
Suppose 92*d = 90*d + 1974. Calculate the highest common factor of 94 and d.
47
Let b be 94 - (5 - (-3 + 10)). What is the greatest common divisor of 160 and b?
32
Suppose 6*m - m - p = 1137, 223 = m + 2*p. Suppose a + 5*d + m = 3*a, 2*d = 10. Calculate the highest common divisor of a and 18.
18
Suppose 78 = -5*v + 2*v. Let l(z) = -z**3 + 5*z**2 + 23*z - 3. Let u be l(7). Let q = v + u. What is the highest common divisor of q and 17?
17
Let w = -7 - -13. Let i be 2/w - (-5)/3. Suppose -g + 6*x - x = -21, 0 = -i*g - 2*x + 42. Calculate the highest common factor of g and 147.
21
Let t(o) = 3*o + 10. Let p(u) = 3*u + 2. Let f be p(2). Let a be t(f). Let b = 62 - a. What is the greatest common divisor of b and 7?
7
Let h be (84 - -3) + 4 + 3. Suppose 5*r = 86 + h. Calculate the highest common factor of r and 4.
4
Suppose 0 = 74*v - 28*v - 920. What is the highest common factor of v and 44?
4
Suppose -137 + 127 = -2*a. Calculate the highest common divisor of a and 230.
5
Suppose 2*r - 3519 = -7*r. Calculate the highest common factor of r and 34.
17
Suppose 3*t - 2*i = -341, 0 = -i + 1. Let l = t - -135. Let g = 67 - 12. Calculate the greatest common factor of g and l.
11
Let h be (10/12*-2)/((-21)/1701). What is the highest common divisor of h and 20?
5
Let l = 482 - 468. Calculate the highest common factor of l and 49.
7
Let d be (-5 - -4)/(1/(-4)). Suppose -5 + 1 = -d*o. Let i be -2 - (3 + (-69)/o). Calculate the greatest common factor of i and 16.
16
Let i = 145 + -89. Let d(w) = w**3 + 3*w**2 - 3*w - 1. Let q be d(-3). What is the highest common factor of q and i?
8
Suppose -14*c + 6*c + 48 = 0. Let m be -4*c/(-18) - 202/(-6). What is the highest common divisor of 105 and m?
35
Let b be -6*(-25)/(-375)*(-10)/4. Let n be (3/6 - -3)*2. Calculate the greatest common divisor of n and b.
1
Let n be ((-15)/6)/(4/(-8)). Suppose 3*j - n*z - 5 = -51, -2*z = -3*j - 40. Let t be (0 - 957/j)*4. Calculate the highest common factor of t and 29.
29
Let z be (-114)/(-18) + (-2)/6. Suppose 4*s = -3*l + 27, 3*s + 2*l = 7*s - 22. What is the greatest common factor of z and s?
6
Suppose 14 - 38 = -3*g. Let i = 217 + -205. Calculate the highest common factor of i and g.
4
Let j(l) = 1 + 15*l - 2 + 11*l - 16*l. Let o be j(1). Let f = 3 + o. What is the highest common divis